{"id":9,"date":"2018-01-22T11:37:27","date_gmt":"2018-01-22T11:37:27","guid":{"rendered":"http:\/\/www.modelyproskoly.cz\/?page_id=9"},"modified":"2018-06-25T14:29:18","modified_gmt":"2018-06-25T14:29:18","slug":"kontakt","status":"publish","type":"page","link":"https:\/\/www.modelyproskoly.cz\/index.php\/kontakt\/","title":{"rendered":"Kontakt"},"content":{"rendered":"<p><strong>Kovoz\u00e1vody Prost\u011bjov<\/strong><br \/>\nNad v\u00e1penkou 364<br \/>\nK\u0159enice u \u0158\u00ed\u010dan<br \/>\n250 84<br \/>\nPraha \u2013 v\u00fdchod<\/p>\n<p>I\u010cO : 43 64 30 60<br \/>\nVAT\/DI\u010c: CZ6808021319<\/p>\n<p>www.kovozavody.cz<\/p>\n","protected":false},"excerpt":{"rendered":"<div class=\"mh-excerpt\"><p>Kovoz\u00e1vody Prost\u011bjov Nad v\u00e1penkou 364 K\u0159enice u \u0158\u00ed\u010dan 250 84 Praha \u2013 v\u00fdchod I\u010cO : 43 64 30 60 VAT\/DI\u010c: CZ6808021319 www.kovozavody.cz<\/p>\n<\/div>","protected":false},"author":1,"featured_media":76,"parent":0,"menu_order":4,"comment_status":"closed","ping_status":"closed","template":"","meta":{"ngg_post_thumbnail":0,"jetpack_post_was_ever_published":false,"footnotes":""},"jetpack_sharing_enabled":true,"jetpack_shortlink":"https:\/\/wp.me\/P9IQmh-9","jetpack_likes_enabled":true,"jetpack-related-posts":[],"_links":{"self":[{"href":"https:\/\/www.modelyproskoly.cz\/index.php\/wp-json\/wp\/v2\/pages\/9"}],"collection":[{"href":"https:\/\/www.modelyproskoly.cz\/index.php\/wp-json\/wp\/v2\/pages"}],"about":[{"href":"https:\/\/www.modelyproskoly.cz\/index.php\/wp-json\/wp\/v2\/types\/page"}],"author":[{"embeddable":true,"href":"https:\/\/www.modelyproskoly.cz\/index.php\/wp-json\/wp\/v2\/users\/1"}],"replies":[{"embeddable":true,"href":"https:\/\/www.modelyproskoly.cz\/index.php\/wp-json\/wp\/v2\/comments?post=9"}],"version-history":[{"count":3,"href":"https:\/\/www.modelyproskoly.cz\/index.php\/wp-json\/wp\/v2\/pages\/9\/revisions"}],"predecessor-version":[{"id":73,"href":"https:\/\/www.modelyproskoly.cz\/index.php\/wp-json\/wp\/v2\/pages\/9\/revisions\/73"}],"wp:featuredmedia":[{"embeddable":true,"href":"https:\/\/www.modelyproskoly.cz\/index.php\/wp-json\/wp\/v2\/media\/76"}],"wp:attachment":[{"href":"https:\/\/www.modelyproskoly.cz\/index.php\/wp-json\/wp\/v2\/media?parent=9"}],"curies":[{"name":"wp","href":"https:\/\/api.w.org\/{rel}","templated":true}]}}